 = -t**3 + 10*t**2 + 11*t + 1. Let o be g(11). Let y be 6/15*(-26 - (-2 + o)). List the prime factors of (-102)/5*y/3.
2, 17
Let d(q) = q**3 - 16*q**2 + 17*q + 15. Let n be d(16). Suppose -16*w - n = -17*w. List the prime factors of (14/(-12))/(-7) + w/6.
2, 3
Suppose 13611 = 5*k - 2*i, -k + 17*i + 2704 = 14*i. List the prime factors of k.
5, 109
Let c(b) = -9869*b**3 + b**2 + 2*b + 1. What are the prime factors of c(-1)?
71, 139
Suppose -11*p + 10*p = 14. Let a = -22 + p. Let z = 94 + a. List the prime factors of z.
2, 29
Suppose -4 - 21 = -5*u. Suppose -u*j - 5*s + 30 = 0, -s = -j + 3*s - 14. Suppose t + 2*k = 82, -380 = -5*t + 7*k - j*k. List the prime factors of t.
2, 3, 13
Let v = 31 - 30. List the prime factors of v/(3/66)*160/5.
2, 11
Suppose 921*b = 982*b - 4793990. List the prime factors of b.
2, 5, 29, 271
Let y(f) = 823*f - 15040. List the prime factors of y(113).
7, 37, 43
Let r(j) = j**3 - 13 - 13*j - 4*j**2 + 3*j**2 + 2. Let q(h) = 11*h - 5. Let y be q(1). What are the prime factors of r(y)?
7, 13
Let k(w) = w**3 - 32*w**2 - 3*w + 18. Let n(d) = 9*d + 186. Let x be n(-17). List the prime factors of k(x).
2, 3, 7
Suppose 0 = -h - 4*w - 105 + 2789, 4*h - 3*w = 10622. List the prime factors of h.
2, 5, 7, 19
Let c(t) be the third derivative of t**5/15 + 17*t**4/8 - 17*t**3/3 + 2*t**2 - 64*t. List the prime factors of c(-15).
101
Let k = 367 + -278. Suppose 0 = q + k - 524. List the prime factors of q.
3, 5, 29
Let s be 3 + -2 + (-2*65 - -1). Let k = 293 + s. What are the prime factors of k?
3, 5, 11
Let h = -453 + 470. Suppose 0 = h*z - 276 - 4042. What are the prime factors of z?
2, 127
Let b be 2 + 4 + (-115 - 3). List the prime factors of (-34)/(-4)*(1 + (3 - b)).
2, 17, 29
Let n(g) = -3*g - 6. Let j be n(-5). Let i be 2/9 - (-583)/j. Suppose -2*c = -175 + i. List the prime factors of c.
5, 11
Let h(u) = -2*u. Let x(c) = 91*c - 63. Let d(s) = 42*h(s) + x(s). Let l be d(9). Suppose 3*q + 15 = l, 4*q = -7*j + 11*j - 704. What are the prime factors of j?
3, 19
Let w(y) = 31*y**2 + 5*y - 4. Let v be w(-5). Let z = -542 + 833. Suppose -7*t - z = -v. What are the prime factors of t?
5, 13
Let o = 100 + 12. Let s = -107 + o. Suppose k - 1120 = -5*y + s*k, -3*y - 5*k + 672 = 0. List the prime factors of y.
2, 7
Suppose -20 = -4*p, -37389 = -65*f + 62*f + 3*p. What are the prime factors of f?
2, 3, 1039
Let q(j) = j**3 + 40*j**2 - 46*j + 122. Let l be q(-41). Suppose 0 = p - l - 419. What are the prime factors of p?
2, 373
Let s(z) = 3*z - 22. Let t be s(9). List the prime factors of (67 - -6)*(t + -2).
3, 73
Let x(s) = 60*s - 20. Suppose -18*i = -20*i + 8. What are the prime factors of x(i)?
2, 5, 11
Let w(k) = 6*k**2 + 17*k + 731. List the prime factors of w(36).
11, 829
Let r(o) = 313*o**3 + 4*o**2 + o - 2. Let y(l) = -313*l**3 - 2*l**2 + 1. Let m(b) = 3*r(b) + 4*y(b). List the prime factors of m(-1).
2, 3, 13
Let o = -930 + 1641. Suppose 2*m - 5*c = o, -3*c - 357 = -m - c. List the prime factors of m.
3, 11
Let a(g) = -274*g + 115. Let b(t) = -276*t + 118. Let q(y) = 3*a(y) - 2*b(y). What are the prime factors of q(-3)?
919
Let a(n) = n**3 - 10*n + 6. Suppose -18 = -2*g - 4*g. Let p be a(g). Suppose 0*s - 150 = -d - 4*s, d = -p*s + 154. List the prime factors of d.
2, 83
Suppose -5 = -0*a - a. Suppose 2*q + 2*y - 4 = 0, -a = -2*q - 3*y - 4. Suppose 3*h + h - 55 = q*i, -h + 17 = 2*i. What are the prime factors of h?
3, 5
Let x(h) = -11*h + 170. Let n be x(-6). What are the prime factors of n/(-1534) - -193*51/13?
757
Let n = -77 + 81. Suppose 4*d + 8 = -5*r - n, -5*r - 2*d = 6. What are the prime factors of 130 - r*(5 - 6)?
2, 5, 13
Suppose 0 = -p - 4. Suppose -21 - 4 = -2*m - 5*u, 5*m + 4*u = 37. List the prime factors of p/m + 3176/20.
2, 79
Suppose -11*z - 99506 = -22*z. List the prime factors of z.
2, 4523
Let d = 44 + -42. Let c be 49/((2/(-1))/(-2)) - d. Let n = c + -13. What are the prime factors of n?
2, 17
Let z(v) = -5*v**3 - 55*v**2 - 14*v + 89. Let l(f) = f**3 + 11*f**2 + 3*f - 18. Let s(q) = -11*l(q) - 2*z(q). List the prime factors of s(-11).
3, 5
Suppose x = 2*a - 3*x - 8, -5 = 5*x. Suppose -2*n - 162 = -5*n + 2*i, n + i = 54. Suppose 0 = -0*v - a*v + n. List the prime factors of v.
3
Let p = -7390 - -13781. What are the prime factors of p?
7, 11, 83
Suppose -6*t + 3*t = -2*t. List the prime factors of (-78)/(-208) + (4701/8 - t).
2, 3, 7
Let c be 2 + 10/(-6) + 16/6. Suppose 0 = c*p + 110 - 8. Let m = p - -112. List the prime factors of m.
2, 3, 13
Let z = 317 + -298. List the prime factors of z/(-2)*(-640)/10.
2, 19
Suppose -36888 + 138287 = 15*j - 287806. What are the prime factors of j?
3, 31
Let l(x) = 6*x**2 - 2*x + 145. Let y be l(0). Let w = -125 + y. List the prime factors of w.
2, 5
Let t = 3281 - 1376. Let q = -1052 + t. List the prime factors of q.
853
Let k = 15920 + 20152. List the prime factors of k.
2, 3, 167
Let d = -215 + 220. List the prime factors of (-15 + d)*(-17)/2.
5, 17
What are the prime factors of (2*(-3)/3)/((-1)/265)?
2, 5, 53
Suppose 0 = 31*d - 26*d, 5*w - 207670 = -3*d - 2*d. What are the prime factors of w?
2, 19, 1093
Suppose 0 = -l, i + 0*i + l = 0. Suppose -3*r + 7*r = i. Suppose -5*g - 20 = 0, -2*g - 77 = -r*s - s. What are the prime factors of s?
3, 23
Let f be 7878*(2/3 - (-26)/39). Suppose -f = -7*t - 3448. What are the prime factors of t?
2, 3, 7
Let s = -51 + 60. Let t be (3 + -174)*3/(s/(-2)). Let p = 211 - t. What are the prime factors of p?
97
Let s(l) = -3*l - 9. Let a = -25 - -24. Let v be s(a). What are the prime factors of 2889/99 + v/33?
29
Let g(m) = -m**3 - 4*m**2 - 9*m - 8. Let b be g(-6). Suppose 613 = -u + 533. Let o = b + u. List the prime factors of o.
2, 19
Let o(s) be the third derivative of s**5/20 + s**4/3 - 5*s**3/6 + 339*s**2. Let m(f) = -7*f + 1. Let k be m(1). What are the prime factors of o(k)?
5, 11
Suppose x = -0*i + i + 79, 88 = x + 2*i. Let y = 81 - x. Let f = y - -75. What are the prime factors of f?
2, 37
Let l = 107 - 104. Suppose l*w - 305 - 712 = 0. List the prime factors of w.
3, 113
Suppose 2*u + 8508 = c, -662*c - 4*u = -663*c + 8494. What are the prime factors of c?
2, 4261
Let k be (-4)/(-14)*-1 - (-22073)/7. Suppose -4*b + g + k = 0, -3*b + 2360 = 5*g - g. List the prime factors of b.
2, 197
Suppose -3*n - 4*g = -71, 0 = -n + 2*n + g - 22. Suppose 0 = -16*i + n*i - 6. Suppose 1 = -i*r + 67. What are the prime factors of r?
11
Let t be ((-63)/6)/1*128/(-24). Let z = t - 29. Suppose -4*g + z = 5*f, -4*f + 31 = g + 5. List the prime factors of f.
7
Let q = 43890 + -40487. List the prime factors of q.
41, 83
Let c = -5368 + 10789. List the prime factors of c.
3, 13, 139
Suppose 0 = i - s + 946, 23*s = -5*i + 25*s - 4721. Let a = i + 1329. List the prime factors of a.
2, 193
Suppose 18*u + 23250 = 3*u. Let m = -229 - u. What are the prime factors of m?
1321
Suppose -9*j + 166 = 292. Let a(m) be the first derivative of 2*m**3/3 + 11*m**2 + 27*m - 6. What are the prime factors of a(j)?
3, 37
Let v(b) = -60*b**3 + 2*b**2 + 5*b + 1. Let z = 516 + -518. List the prime factors of v(z).
479
Let r = -46 - -50. Suppose 10*g - 540 = r*g. Let p = -41 + g. List the prime factors of p.
7
Let u = 3328 - -628. List the prime factors of u.
2, 23, 43
Suppose 6*a - 3*a = 6, 2*j - 2164 = 2*a. Suppose -v - 30*w + 26*w = -j, -3 = -3*w. What are the prime factors of v?
2, 3, 5
Suppose -3*z - 18 = -3*b, -4*z - 2 = 5*b - 14. Let g be -1*(-3 + 3) + 0. Suppose 0 = -2*s + 6, g = 2*h + b*s - 168 - 386. List the prime factors of h.
271
Suppose 35*m = 14*m - 21. What are the prime factors of (m/(2/(-28)))/(94/4653)?
3, 7, 11
Suppose 4*m - 17368 = -0*m. Suppose 5*j - 2153 = -o, -4*o + 2*j + m = -2*o. Suppose o = -4*l + 12*l. What are the prime factors of l?
271
Let m = -79 + 320. Suppose 468*u = 469*u - m. What are the prime factors of u?
241
Suppose 37*p + 188 = 84*p. What are the prime factors of 3645/p + (0 - 30/24)?
2, 5, 7, 13
Let z(i) = 7*i**2 - 9*i + 81. Let t be z(11). Let o = t - 332. What are the prime factors of o?
7, 71
Suppose -26*y + 60*y = -30*y + 1586048. List the prime factors of y.
2, 12391
Let s(f) = 37*f + 8. Let v(r) = 13*r + 3. Let o(q) = -6*s(q) + 17*v(q). Let h be o(6). List the prime factors of (2*(-3)/6)/(h/525).
5, 7
Let l(m) = -m**3 + 6*m**2 - m 